{"id":44,"date":"2026-02-15T14:17:34","date_gmt":"2026-02-15T13:17:34","guid":{"rendered":"https:\/\/frot.pl\/?page_id=44"},"modified":"2026-02-16T11:39:27","modified_gmt":"2026-02-16T10:39:27","slug":"przekaz-darowizne","status":"publish","type":"page","link":"https:\/\/frot.pl\/?page_id=44","title":{"rendered":"Wesprzyj fundacj\u0119"},"content":{"rendered":"\n<p>Do naszej Fundacji trafia coraz wi\u0119cej os\u00f3b &#8211; rodzic\u00f3w, uczni\u00f3w, nauczycieli i specjalist\u00f3w &#8211; kt\u00f3rzy szukaj\u0105 rzetelnej wiedzy oraz konkretnych narz\u0119dzi reagowania w sytuacjach kryzysowych. Z naszych materia\u0142\u00f3w i dzia\u0142a\u0144 skorzysta\u0142y ju\u017c tysi\u0105ce os\u00f3b w ca\u0142ej Polsce. Jednocze\u015bnie ka\u017cdego dnia mierzymy si\u0119 z dramatem kryzys\u00f3w psychicznych. Statystyki dotycz\u0105ce samob\u00f3jstw i pr\u00f3b samob\u00f3jczych pozostaj\u0105 alarmuj\u0105ce, tak\u017ce w\u015br\u00f3d dzieci i m\u0142odzie\u017cy.<\/p>\n\n\n\n<p>Aby odpowiada\u0107 na te potrzeby szybko, jako\u015bciowo i d\u0142ugofalowo, potrzebujemy stabilnego wsparcia finansowego. Utrzymanie i rozw\u00f3j naszych dzia\u0142a\u0144 generuje realne koszty: tworzenie poradnik\u00f3w i checklist, rozw\u00f3j i aktualizacja strefy wiedzy, przygotowanie materia\u0142\u00f3w oraz program\u00f3w profilaktycznych dla szk\u00f3\u0142 i rodzic\u00f3w, konsultacje merytoryczne, a tak\u017ce budowanie standard\u00f3w i procedur reagowania \u201ekrok po kroku\u201d.<\/p>\n\n\n\n<p>Pracujemy zespo\u0142owo &#8211; z udzia\u0142em do\u015bwiadczonych psycholog\u00f3w i praktyk\u00f3w edukacji &#8211; tak, aby wsparcie by\u0142o dost\u0119pne, zrozumia\u0142e i mo\u017cliwe do wdro\u017cenia, niezale\u017cnie od miejsca w Polsce.<\/p>\n\n\n\n<p><strong>Je\u015bli chcesz do\u0142o\u017cy\u0107 swoj\u0105 cegie\u0142k\u0119 do systemowej zmiany &#8211; wesprzyj Fundacj\u0119. Ka\u017cda darowizna pomaga nam dzia\u0142a\u0107 dalej i dociera\u0107 tam, gdzie pomoc jest najbardziej potrzebna.<\/strong><\/p>\n\n\n\n<div data-block-name=\"woocommerce\/single-product\" data-product-id=\"96\" data-wp-context=\"{&quot;productId&quot;:96,&quot;variationId&quot;:null}\" data-wp-interactive=\"woocommerce\/single-product\" class=\"wp-block-woocommerce-single-product woocommerce\"><\/div>\n\n\n\n<div class=\"wp-block-media-text is-stacked-on-mobile\"><figure class=\"wp-block-media-text__media\"><img loading=\"lazy\" decoding=\"async\" width=\"1024\" height=\"683\" src=\"http:\/\/frot.pl\/wp-content\/uploads\/2026\/02\/ChatGPT-Image-16-lut-2026-11_26_35-1024x683.png\" alt=\"\" class=\"wp-image-105 size-full\" srcset=\"https:\/\/frot.pl\/wp-content\/uploads\/2026\/02\/ChatGPT-Image-16-lut-2026-11_26_35-1024x683.png 1024w, https:\/\/frot.pl\/wp-content\/uploads\/2026\/02\/ChatGPT-Image-16-lut-2026-11_26_35-300x200.png 300w, https:\/\/frot.pl\/wp-content\/uploads\/2026\/02\/ChatGPT-Image-16-lut-2026-11_26_35-768x512.png 768w, https:\/\/frot.pl\/wp-content\/uploads\/2026\/02\/ChatGPT-Image-16-lut-2026-11_26_35-600x400.png 600w, https:\/\/frot.pl\/wp-content\/uploads\/2026\/02\/ChatGPT-Image-16-lut-2026-11_26_35.png 1536w\" sizes=\"auto, (max-width: 1024px) 100vw, 1024px\" \/><\/figure><div class=\"wp-block-media-text__content\">\n<h1 class=\"wp-block-heading has-text-align-center\">Przeka\u017c darowizn\u0119<\/h1>\n<\/div><\/div>\n\n\n\n<div class=\"wp-block-media-text has-media-on-the-right is-stacked-on-mobile\"><div class=\"wp-block-media-text__content\">\n<h1 class=\"wp-block-heading has-text-align-center\">Zrzuta<\/h1>\n<\/div><figure class=\"wp-block-media-text__media\"><img loading=\"lazy\" decoding=\"async\" width=\"1024\" height=\"683\" src=\"https:\/\/frot.pl\/wp-content\/uploads\/2026\/02\/ChatGPT-Image-16-lut-2026-11_35_58-1024x683.png\" alt=\"\" class=\"wp-image-107 size-full\" srcset=\"https:\/\/frot.pl\/wp-content\/uploads\/2026\/02\/ChatGPT-Image-16-lut-2026-11_35_58-1024x683.png 1024w, https:\/\/frot.pl\/wp-content\/uploads\/2026\/02\/ChatGPT-Image-16-lut-2026-11_35_58-300x200.png 300w, https:\/\/frot.pl\/wp-content\/uploads\/2026\/02\/ChatGPT-Image-16-lut-2026-11_35_58-768x512.png 768w, https:\/\/frot.pl\/wp-content\/uploads\/2026\/02\/ChatGPT-Image-16-lut-2026-11_35_58-600x400.png 600w, https:\/\/frot.pl\/wp-content\/uploads\/2026\/02\/ChatGPT-Image-16-lut-2026-11_35_58.png 1536w\" sizes=\"auto, (max-width: 1024px) 100vw, 1024px\" \/><\/figure><\/div>\n\n\n\n<div class=\"wp-block-media-text is-stacked-on-mobile\"><figure class=\"wp-block-media-text__media\"><img loading=\"lazy\" decoding=\"async\" width=\"1024\" height=\"683\" src=\"https:\/\/frot.pl\/wp-content\/uploads\/2026\/02\/ChatGPT-Image-16-lut-2026-11_28_04-1024x683.png\" alt=\"\" class=\"wp-image-106 size-full\" srcset=\"https:\/\/frot.pl\/wp-content\/uploads\/2026\/02\/ChatGPT-Image-16-lut-2026-11_28_04-1024x683.png 1024w, https:\/\/frot.pl\/wp-content\/uploads\/2026\/02\/ChatGPT-Image-16-lut-2026-11_28_04-300x200.png 300w, https:\/\/frot.pl\/wp-content\/uploads\/2026\/02\/ChatGPT-Image-16-lut-2026-11_28_04-768x512.png 768w, https:\/\/frot.pl\/wp-content\/uploads\/2026\/02\/ChatGPT-Image-16-lut-2026-11_28_04-600x400.png 600w, https:\/\/frot.pl\/wp-content\/uploads\/2026\/02\/ChatGPT-Image-16-lut-2026-11_28_04.png 1536w\" sizes=\"auto, (max-width: 1024px) 100vw, 1024px\" \/><\/figure><div class=\"wp-block-media-text__content\">\n<h1 class=\"wp-block-heading has-text-align-center\">Zosta\u0144 patronem na Patronite<\/h1>\n<\/div><\/div>\n\n\n\n<p><\/p>\n","protected":false},"excerpt":{"rendered":"<p>Do naszej Fundacji trafia coraz wi\u0119cej os\u00f3b &#8211; rodzic\u00f3w, uczni\u00f3w, nauczycieli i specjalist\u00f3w &#8211; kt\u00f3rzy szukaj\u0105 rzetelnej wiedzy oraz konkretnych narz\u0119dzi reagowania w sytuacjach kryzysowych. Z naszych materia\u0142\u00f3w i dzia\u0142a\u0144 skorzysta\u0142y ju\u017c tysi\u0105ce os\u00f3b w ca\u0142ej Polsce. Jednocze\u015bnie ka\u017cdego dnia mierzymy si\u0119 z dramatem kryzys\u00f3w psychicznych. Statystyki dotycz\u0105ce samob\u00f3jstw i pr\u00f3b samob\u00f3jczych pozostaj\u0105 alarmuj\u0105ce, tak\u017ce [&hellip;]<\/p>\n","protected":false},"author":1,"featured_media":0,"parent":0,"menu_order":0,"comment_status":"closed","ping_status":"closed","template":"","meta":{"give_campaign_id":0,"footnotes":""},"class_list":["post-44","page","type-page","status-publish","hentry"],"campaignId":"","_links":{"self":[{"href":"https:\/\/frot.pl\/index.php?rest_route=\/wp\/v2\/pages\/44","targetHints":{"allow":["GET"]}}],"collection":[{"href":"https:\/\/frot.pl\/index.php?rest_route=\/wp\/v2\/pages"}],"about":[{"href":"https:\/\/frot.pl\/index.php?rest_route=\/wp\/v2\/types\/page"}],"author":[{"embeddable":true,"href":"https:\/\/frot.pl\/index.php?rest_route=\/wp\/v2\/users\/1"}],"replies":[{"embeddable":true,"href":"https:\/\/frot.pl\/index.php?rest_route=%2Fwp%2Fv2%2Fcomments&post=44"}],"version-history":[{"count":4,"href":"https:\/\/frot.pl\/index.php?rest_route=\/wp\/v2\/pages\/44\/revisions"}],"predecessor-version":[{"id":108,"href":"https:\/\/frot.pl\/index.php?rest_route=\/wp\/v2\/pages\/44\/revisions\/108"}],"wp:attachment":[{"href":"https:\/\/frot.pl\/index.php?rest_route=%2Fwp%2Fv2%2Fmedia&parent=44"}],"curies":[{"name":"wp","href":"https:\/\/api.w.org\/{rel}","templated":true}]}}